t the prime factors of v(-35).
3, 13, 107
Let k(g) = -655*g + 762. List the prime factors of k(-18).
2, 3, 523
Suppose 384 = -9*o - 111. Let l = -24 - o. Let k = l + 11. What are the prime factors of k?
2, 3, 7
Let t(l) = l**2 + 6*l + 9. Let d be t(-4). Let i = 28 - d. Suppose 4*x = -z + i, -4*z = -0*x - 2*x - 90. What are the prime factors of z?
23
Let y = 246 + -636. Let f = y - -666. What are the prime factors of f?
2, 3, 23
Let k(t) = -3*t + 1. Let y be k(-4). Let u(w) = w**2 - 14*w + 25. Let h be u(y). What are the prime factors of 14/(-4)*3*(-40)/h?
5, 7
Let g(o) = 73*o**3 - 3*o**2 + 3*o - 1. Let v = -35 + 37. Suppose v*u + 5*u - 7 = 0. What are the prime factors of g(u)?
2, 3
Let f be ((-3280)/(-30))/4 - (-4)/6. Suppose f*u = 5907 - 1035. What are the prime factors of u?
2, 3, 29
Suppose 4*p = 3*d + 90, 0 = 4*d + p - 2*p + 120. Suppose -1728 = 5*n + 4*n. List the prime factors of (3 - d/(-9))*n.
2
Let x(u) = -5*u**2 + 17*u + 16. Let j be x(-1). What are the prime factors of ((15/j)/(-1))/(20/1480)?
5, 37
Suppose -163 = 3*p - 37. Let s be (-3)/((-12)/p + 31/(-35)). Suppose 5*f + 4*n = -0*n + 229, s*n + 265 = 5*f. What are the prime factors of f?
7
Let u(p) = 3*p - 7. Let w be u(3). Suppose 0 = -4*o - 5*a, -4*o - a + 6 = -w*o. Suppose 0 = -o*f + 3*v + 203, 2*v = 5 + 3. What are the prime factors of f?
43
Let c = 829 - 1157. Let x = 31 - 208. Let o = x - c. What are the prime factors of o?
151
Suppose 149*g = 115*g + 242182. List the prime factors of g.
17, 419
Let x(w) = 3 + 15*w + 2 + 8. Let m be x(3). Let i = m - 24. List the prime factors of i.
2, 17
Let j = -24 + 27. Suppose 0 = -j*y - 5*y + 2136. What are the prime factors of y?
3, 89
Suppose -1136 = 2*k + 2*h, 3*k + 2*k + 2*h + 2852 = 0. Let n = k - -941. What are the prime factors of n?
3, 41
Let m(r) = 7*r - 32. Let p be m(8). Let b be (-4)/p*3*0. Suppose -3*w + g + g + 440 = b, -738 = -5*w + g. List the prime factors of w.
2, 37
Let t be (-8)/((-6)/3) + 3*5. Let y(q) = q**2 - 21*q + 49. List the prime factors of y(t).
11
Let y = -45 - -63. Suppose -867 = -y*g + 537. List the prime factors of g.
2, 3, 13
Let g(d) = 68*d - 2500. Let o be g(38). Let h(u) = -u**2 + 14. Let f be h(0). Suppose o = f*w - 0*w. List the prime factors of w.
2, 3
Suppose i = 3*s + 18961, -13*s + 18956 = i - 17*s. What are the prime factors of i?
2, 593
Let r(a) = -110*a**3 - 7*a**2 + 184*a + 1099. List the prime factors of r(-6).
19, 1237
Let n = 411 - 571. Suppose -730 = -5*s + 395. Let c = n + s. What are the prime factors of c?
5, 13
Let i be (2 - (-34)/(-5))*15/3. Suppose 3*b + 79 = -g, 2*g - 81 = 3*g + 5*b. Let f = i - g. List the prime factors of f.
2, 13
Let t = -253 - -206. Let z = 962 - t. List the prime factors of z.
1009
Suppose 0 = -352*l + 344*l + 22136. List the prime factors of l.
2767
Suppose 0 = 5*n + 3*c - 194264, -337*c = 3*n - 341*c - 116570. List the prime factors of n.
2, 19427
Let u = -35 + 39. Suppose 0 = -3*g + u*g. What are the prime factors of (g - 9)/(7/(-119))?
3, 17
Let x = 9459 + 23252. List the prime factors of x.
7, 4673
Let y be (70/(-30))/(-7) - (-28)/6. Suppose -6530 = -5*v + y*n, -9*v + 5*v + 5227 = -3*n. List the prime factors of v.
7, 11, 17
Suppose 3623 = 8*h - 8609. Let w = -906 + h. What are the prime factors of w?
7, 89
Suppose -52 = -2*a - 2*j + 3*j, -5*a - 5*j + 145 = 0. Suppose -5*d + c - 125 = 0, -2*d = 4*c + 32 - 4. Let x = a + d. What are the prime factors of x?
3
Let w(u) = -2*u**2 + 33*u + 6. Let i be w(14). Suppose a - i = 13. Suppose 37*s - 36*s = a. What are the prime factors of s?
89
List the prime factors of -16*(-6)/24 - -42082.
2, 11, 1913
Let q(f) = -961*f - 961. List the prime factors of q(-7).
2, 3, 31
Let m(o) = 3*o**2 + 6*o + 12. Let f be m(-9). Suppose -2*i + 0*h - 3*h + f = 0, -10 = 2*h. Let q = i - 72. List the prime factors of q.
2, 3
Suppose -56*o = -96*o + 1539118 - 357998. What are the prime factors of o?
2, 3691
Let t = 97 - 92. Let f be (-4)/6 - (-836)/12. Suppose -116 = -t*c + f. What are the prime factors of c?
37
Let y(u) be the second derivative of 455*u**3/2 - 6*u**2 - 48*u - 1. What are the prime factors of y(1)?
3, 11, 41
Suppose 11 = -d + 6, -5 = -y + d. Suppose y = -g + 2*i + 1701, 2553 + 5925 = 5*g - i. What are the prime factors of g?
3, 5, 113
Suppose -28617678 = -621*u + 357561. List the prime factors of u.
3, 103, 151
Let o(a) = -a**2 - a + 2. Let b be o(0). Suppose 0*d + b*d + 4*r = 36, 3*d - 62 = 2*r. Suppose -192 = 16*z - d*z. List the prime factors of z.
2, 3
Suppose -99*x + 103*x - h = 18998, 4*h + 19004 = 4*x. List the prime factors of x.
3, 1583
Let p be -15*5/(-10)*(-2)/(-3). Suppose 3600 = 5*a + m, -p*m + 1440 = 2*a - 6*m. List the prime factors of a.
2, 3, 5
Let v(z) = 11*z**3 - 2*z**2 + 1. Let i be v(1). Suppose 0 = -4*o + 9*o - a - 16, 0 = 3*o - 2*a - 4. Suppose -i*g = -o*g - 1002. What are the prime factors of g?
167
Let s(h) = -17*h**3 - 6*h**2 + h + 2. Let q be s(-1). List the prime factors of 3*(-15)/20*(-1856)/q.
2, 3, 29
Suppose 5*d - 662 = 673. Suppose 0 = -3*c + d + 423. Suppose -4*p = -c - 94. List the prime factors of p.
3
Let o(y) = 250*y**2 - 53*y + 794. List the prime factors of o(11).
83, 367
Suppose -17*v + 15*v + 5*q = -15791, v - 7885 = -q. List the prime factors of v.
2, 17, 29
Let r = -58 - -3811. What are the prime factors of r?
3, 139
Let a be 5/1 + 0 + -2. What are the prime factors of (-1)/(a/28)*(-171)/6?
2, 7, 19
Let q = -323 - -323. Suppose 3*h = 3*d - 1641, 2*d - h + 2*h - 1103 = q. What are the prime factors of d?
2, 5, 11
Suppose -g - 1430 = 9*g. Suppose 0*i + 5*i + 337 = -c, -5*c - i = 1613. Let q = g - c. List the prime factors of q.
179
What are the prime factors of 30761 - (-5)/(2*30/72)?
11, 2797
Let b(f) = -f + 28. Let p be b(28). Suppose 17*t - 2506 - 4515 = p. What are the prime factors of t?
7, 59
Let n be ((-88)/4 - 1)/(2/(-4)). Suppose n*p - 47*p = -106. Let t = -48 + p. List the prime factors of t.
2, 29
Let w be (-2)/(-2)*(3 + 8). Suppose -3*y + w*y - 40 = 0. Suppose 2*o - 2 = -o + 4*u, 5*u - y = 0. What are the prime factors of o?
2
Suppose -5*l + 4*p = 6, -1 = -2*l + 2*p - 5. What are the prime factors of (-9)/(9/l) - -580?
2, 17
Let v(b) = -2*b - 23. Let f be v(-14). Suppose 4*a + f*i + 1 = 8*i, -5*a = -i - 7. What are the prime factors of 2 + a*52/8?
3, 5
Let j(f) be the first derivative of 2*f**4 + 4*f**3/3 + 5*f**2/2 - 7*f - 84. What are the prime factors of j(4)?
19, 31
Let h(d) = 25*d**2 - 57*d + 29. What are the prime factors of h(31)?
3, 17, 19, 23
Let b(a) = 53*a - 9. Let c = -37 - -45. Suppose 0 = 4*t - 0*t - c. List the prime factors of b(t).
97
Let t(q) = 19*q**2 - 39*q - 432. List the prime factors of t(-16).
2, 79
Suppose 0 = -165*a - 38*a + 15215459. What are the prime factors of a?
17, 4409
Suppose 4*i + 3*b + 6 - 2 = 0, 2*b + 16 = 4*i. Suppose 6*z - 945 = z - r, -i*r = 2*z - 370. List the prime factors of z.
2, 5, 19
Suppose 4*x - 1 = 11. Suppose 355 = -5*q - y, -2*q - 142 = y + x*y. Let k = 108 + q. What are the prime factors of k?
37
Let b = 396 + 1933. Suppose -b - 1031 = -8*x. Suppose -7*p + 3*p - z + 329 = 0, 0 = -5*p - 3*z + x. What are the prime factors of p?
3
Let w be ((-2)/4)/((-5)/(-11240)*-2). Suppose -2*c = 4*n - w, -8*c = -n - 4*c + 127. What are the prime factors of n?
139
Suppose 4*f = -8, -f + 2*f = -2*j + 4. Suppose 4*u = -3*a + 65, 5*a = -0*u - j*u + 57. List the prime factors of (36/u)/((-6)/(-168)).
2, 3
Let q be 8156/34 + 14/119. Suppose f = -4*k + 1562, k - 620 + q = 5*f. What are the prime factors of k?
2, 3, 5, 13
Let h(p) be the third derivative of 5*p**4/6 + 6*p**3 + 42*p**2. What are the prime factors of h(13)?
2, 37
Let i = 18 - 19. Let h be (i - 1 - (-1 + -1))/1. Suppose h = 3*u - 580 + 205. What are the prime factors of u?
5
Let t(a) = -11*a + 24. Let q be (0 + -32 - 2) + -2. Let o be (-78)/(-4)*q/54. What are the prime factors of t(o)?
167
Let i = -7 + 11. Suppose 3*c - c = -5*y + 148, -2 = 2*c. Let d = y + i. List the prime factors of d.
2, 17
Let k(a) = a**2 - 431. Let f be k(0). Let m be -560*7/49*(-7)/(-2). Let g = m - f. What are the prime factors of g?
151
Suppose -3*f = k - 62813, -2*k - 83734 = -8*f + 4*f. List the prime factors of f.
2, 2617
Suppose 2*z - 21 = -5. Let o(s) = 25 + 19 + 26 + 11*s - 80. List 